{"id":334,"date":"2015-01-25T23:29:00","date_gmt":"2015-01-25T21:29:00","guid":{"rendered":"http:\/\/www.konficastle.de\/mansfeld\/?page_id=334"},"modified":"2025-11-24T23:27:00","modified_gmt":"2025-11-24T21:27:00","slug":"kontakt","status":"publish","type":"page","link":"https:\/\/www.konficastle.de\/mansfeld\/kontakt\/","title":{"rendered":"Kontakt"},"content":{"rendered":"<div id=\"pl-334\" class=\"panel-layout\">\n<div id=\"pg-334-0\" class=\"panel-grid panel-no-style\" data-style=\"{&quot;background_image_attachment&quot;:false,&quot;background_display&quot;:&quot;tile&quot;,&quot;full_height&quot;:&quot;&quot;,&quot;cell_alignment&quot;:&quot;flex-start&quot;}\">\n<div id=\"pgc-334-0-0\" class=\"panel-grid-cell\" data-weight=\"0.65\">\n<div id=\"panel-334-0-0-0\" class=\"so-panel widget widget_black-studio-tinymce widget_black_studio_tinymce panel-first-child panel-last-child\" data-index=\"0\" data-style=\"{&quot;background_image_attachment&quot;:false,&quot;background_display&quot;:&quot;tile&quot;,&quot;background_image_size&quot;:&quot;full&quot;,&quot;background_image_opacity&quot;:&quot;100&quot;,&quot;border_thickness&quot;:&quot;1px&quot;}\">\n<div class=\"textwidget\">\n<ul>\n<li><strong>Programmplanung, Inhalte, Ablauf &amp; Anmeldung Teamer:<\/strong><em><strong><br \/>\n<\/strong><\/em>Hanna R\u00f6mer<br \/>\n<span class=\"LrzXr\">Geiststra\u00dfe 29<br \/>\n06108 Halle (Saale) <\/span><br \/>\n<strong>Mail:<\/strong> <a href=\"mailto:dehn@cvjm-sachsen-anhalt.de\">roemer@cvjm-sachsen-anhalt.de<\/a><strong><br \/>\nMobil:<\/strong> <a href=\"tel:004917699300602\">015165906184<\/a><br \/>\n&nbsp;<\/li>\n<li><strong>Kontakt f\u00fcr Kirchengemeinden<br \/>\n(Anmeldung Gruppen, Beitragsrechnungen etc.) :<\/strong><em><strong><br \/>\n<\/strong><\/em>Susanne Klein<br \/>\n<span class=\"LrzXr\">Servicestelle und Freizeitdienst<br \/>\nGeiststra\u00dfe 29<br \/>\n06108 Halle (Saale) <\/span><br \/>\n<strong>Mail:<\/strong> <a href=\"mailto:freizeitdienst@cvjm-sachsen-anhalt.de\">freizeitdienst@cvjm-sachsen-anhalt.de<\/a><strong><br \/>\nTel.:<\/strong> <a href=\"tel:004939128033415\">0391 28033415<\/a> (Mo.-Fr. von 09-11 Uhr)<br \/>\n&nbsp;<\/li>\n<li><strong>Bands:<br \/>\n<\/strong>Dorothea Dietrich<br \/>\n<strong>Mail:<\/strong> <a href=\"konficastle@cvjm-sachsen-anhalt.de\">konficastle@cvjm-sachsen-anhalt.de<\/a><br \/>\n&nbsp;<\/li>\n<li><strong>Technik:<br \/>\n<\/strong>Max Noll<br \/>\n<strong>Mobil:<\/strong> <a href=\"tel:004915678407403\">015678 407 403<\/a> (nur Anrufe &amp; <a href=\"https:\/\/t.me\/Cloud_Techniker\">Telegram<\/a>)<\/li>\n<\/ul>\n<\/div>\n<\/div>\n<\/div>\n<div id=\"pgc-334-0-1\" class=\"panel-grid-cell\" data-weight=\"0.35\">\n<div id=\"panel-334-0-1-0\" class=\"so-panel widget widget_black-studio-tinymce widget_black_studio_tinymce panel-first-child panel-last-child\" data-index=\"1\" data-style=\"{&quot;background_image_attachment&quot;:false,&quot;background_display&quot;:&quot;tile&quot;}\">\n<div class=\"textwidget\">\n<div class=\"wpcf7 no-js\" id=\"wpcf7-f338-o1\" lang=\"de-DE\" dir=\"ltr\" data-wpcf7-id=\"338\">\n<div class=\"screen-reader-response\"><p role=\"status\" aria-live=\"polite\" aria-atomic=\"true\"><\/p> <ul><\/ul><\/div>\n<form action=\"\/mansfeld\/wp-json\/wp\/v2\/pages\/334#wpcf7-f338-o1\" method=\"post\" class=\"wpcf7-form init\" aria-label=\"Kontaktformular\" novalidate=\"novalidate\" data-status=\"init\">\n<fieldset class=\"hidden-fields-container\"><input type=\"hidden\" name=\"_wpcf7\" value=\"338\" \/><input type=\"hidden\" name=\"_wpcf7_version\" value=\"6.1.5\" \/><input type=\"hidden\" name=\"_wpcf7_locale\" value=\"de_DE\" \/><input type=\"hidden\" name=\"_wpcf7_unit_tag\" value=\"wpcf7-f338-o1\" \/><input type=\"hidden\" name=\"_wpcf7_container_post\" value=\"0\" \/><input type=\"hidden\" name=\"_wpcf7_posted_data_hash\" value=\"\" \/>\n<\/fieldset>\n<div id=\"contact-form\">\n<span class=\"wpcf7-form-control-wrap\" data-name=\"your-name\"><input size=\"40\" maxlength=\"400\" class=\"wpcf7-form-control wpcf7-text wpcf7-validates-as-required\" aria-required=\"true\" aria-invalid=\"false\" placeholder=\"Dein Name...\" value=\"\" type=\"text\" name=\"your-name\" \/><\/span>\n<span class=\"wpcf7-form-control-wrap\" data-name=\"your-email\"><input size=\"40\" maxlength=\"400\" class=\"wpcf7-form-control wpcf7-email wpcf7-validates-as-required wpcf7-text wpcf7-validates-as-email\" aria-required=\"true\" aria-invalid=\"false\" placeholder=\"Deine Mail-Adresse...\" value=\"\" type=\"email\" name=\"your-email\" \/><\/span>\n<span class=\"wpcf7-form-control-wrap\" data-name=\"your-subject\"><input size=\"40\" maxlength=\"400\" class=\"wpcf7-form-control wpcf7-text\" aria-invalid=\"false\" placeholder=\"Dein Betreff...\" value=\"\" type=\"text\" name=\"your-subject\" \/><\/span>\n<span class=\"wpcf7-form-control-wrap\" data-name=\"your-message\"><textarea cols=\"40\" rows=\"10\" maxlength=\"2000\" class=\"wpcf7-form-control wpcf7-textarea\" aria-invalid=\"false\" placeholder=\"Deine Nachricht...\" name=\"your-message\"><\/textarea><\/span>\n<div class=\"captcha\"><input type=\"hidden\" name=\"_wpcf7_captcha_challenge_captcha-630\" value=\"838199685\" \/><img loading=\"lazy\" decoding=\"async\" class=\"wpcf7-form-control wpcf7-captchac wpcf7-captcha-captcha-630\" width=\"84\" height=\"28\" alt=\"captcha\" src=\"https:\/\/www.konficastle.de\/mansfeld\/wp-content\/uploads\/wpcf7_captcha\/838199685.png\" \/><\/div>\n<span class=\"wpcf7-form-control-wrap\" data-name=\"captcha-630\"><input size=\"40\" class=\"wpcf7-form-control wpcf7-captchar\" autocomplete=\"off\" aria-invalid=\"false\" placeholder=\"CAPTCHA abtippen...\" value=\"\" type=\"text\" name=\"captcha-630\" \/><\/span>\n<span class=\"wpcf7-form-control-wrap\" data-name=\"class--datenschutz\"><span class=\"wpcf7-form-control wpcf7-acceptance\"><span class=\"wpcf7-list-item\"><label><input type=\"checkbox\" name=\"class--datenschutz\" value=\"1\" aria-invalid=\"false\" \/><span class=\"wpcf7-list-item-label\">Ich habe die <a href=\"\/mansfeld\/datenschutz\">Datenschutzerkl\u00e4rung<\/a> zur Kenntnis genommen. Ich stimme zu, dass meine Angaben und Daten zur Beantwortung meiner Anfrage elektronisch erhoben und gespeichert werden.\nHinweis: Sie k\u00f6nnen Ihre Einwilligung jederzeit f\u00fcr die Zukunft per E-Mail widerrufen.<\/span><\/label><\/span><\/span><\/span>\n<input class=\"wpcf7-form-control wpcf7-submit has-spinner\" type=\"submit\" value=\"Senden\" \/>\n<\/div><div class=\"wpcf7-response-output\" aria-hidden=\"true\"><\/div>\n<\/form>\n<\/div>\n<\/div>\n<\/div>\n<\/div>\n<\/div>\n<\/div>\n","protected":false},"excerpt":{"rendered":"<p>Programmplanung, Inhalte, Ablauf &amp; Anmeldung Teamer: Hanna R\u00f6mer Geiststra\u00dfe 29 06108 Halle (Saale) Mail: roemer@cvjm-sachsen-anhalt.de Mobil: 015165906184 &nbsp; Kontakt f\u00fcr Kirchengemeinden (Anmeldung Gruppen, Beitragsrechnungen etc.) : Susanne Klein Servicestelle und Freizeitdienst Geiststra\u00dfe 29 06108 Halle (Saale) Mail: freizeitdienst@cvjm-sachsen-anhalt.de Tel.: 0391 28033415 (Mo.-Fr. von 09-11 Uhr) &nbsp; Bands: Dorothea Dietrich Mail: konficastle@cvjm-sachsen-anhalt.de &nbsp; Technik: Max Noll [&hellip;]<\/p>\n","protected":false},"author":12,"featured_media":0,"parent":0,"menu_order":0,"comment_status":"closed","ping_status":"open","template":"","meta":{"ngg_post_thumbnail":0,"footnotes":""},"class_list":["post-334","page","type-page","status-publish","hentry"],"aioseo_notices":[],"_links":{"self":[{"href":"https:\/\/www.konficastle.de\/mansfeld\/wp-json\/wp\/v2\/pages\/334","targetHints":{"allow":["GET"]}}],"collection":[{"href":"https:\/\/www.konficastle.de\/mansfeld\/wp-json\/wp\/v2\/pages"}],"about":[{"href":"https:\/\/www.konficastle.de\/mansfeld\/wp-json\/wp\/v2\/types\/page"}],"author":[{"embeddable":true,"href":"https:\/\/www.konficastle.de\/mansfeld\/wp-json\/wp\/v2\/users\/12"}],"replies":[{"embeddable":true,"href":"https:\/\/www.konficastle.de\/mansfeld\/wp-json\/wp\/v2\/comments?post=334"}],"version-history":[{"count":42,"href":"https:\/\/www.konficastle.de\/mansfeld\/wp-json\/wp\/v2\/pages\/334\/revisions"}],"predecessor-version":[{"id":4593,"href":"https:\/\/www.konficastle.de\/mansfeld\/wp-json\/wp\/v2\/pages\/334\/revisions\/4593"}],"wp:attachment":[{"href":"https:\/\/www.konficastle.de\/mansfeld\/wp-json\/wp\/v2\/media?parent=334"}],"curies":[{"name":"wp","href":"https:\/\/api.w.org\/{rel}","templated":true}]}}